 -1344. Suppose 4*h + 3*w - b = 0, 13*h - 505 = 8*h + 5*w. What are the prime factors of h?
2, 13
Suppose 0*w = 3*w - 15. Suppose 3 = -2*i + w, f - 118 = 5*i. List the prime factors of f.
3, 41
List the prime factors of (6 - 60/(-25) - -3)*30.
2, 3, 19
Let f(s) = -s**2 + 19*s - 11. Let h be f(18). Let y be (-2)/14*-4*h. Suppose 0 = -y*l - 3*g + 219, 110 = 2*l - g + 3*g. What are the prime factors of l?
2, 3
Let t(j) = -7*j + 2. Let h(s) = s + 1. Let d(g) = h(g) - t(g). What are the prime factors of d(4)?
31
Suppose 3*t + 20 = 7*t, -p + 5*t = -70. List the prime factors of p.
5, 19
Let k = -404 - -233. What are the prime factors of k/6*(-2 + 2 + -8)?
2, 3, 19
Let h = 115 - -347. List the prime factors of h.
2, 3, 7, 11
Suppose -y + 115 = 2*y - 2*u, 5*u + 112 = 3*y. What are the prime factors of -1 + y + -8 + 9?
3, 13
Let w(q) = 9*q - 3. Let j be w(2). Suppose -3*h = 2*x - 21, 0*x = -2*x + 5*h - 19. Suppose -x*i = 2*i - j. What are the prime factors of i?
3
Let t = -7 - -11. Suppose -t = 5*q + 16. List the prime factors of -3*q/((-12)/(-39)).
3, 13
Suppose -13*r - 5*r = -22752. List the prime factors of r.
2, 79
Let j(d) be the third derivative of -d**6/60 - d**5/10 + 5*d**4/24 + 7*d**3/6 + 7*d**2. What are the prime factors of j(-5)?
2, 41
Suppose -751 = -8*r + 3641. List the prime factors of r.
3, 61
Let k be (2 - 1 - -6) + 7 + -10. Suppose k*t = -t + 520. List the prime factors of t.
2, 13
Suppose 230 = 4*d - d - 2*k, 4*d + 4*k - 320 = 0. Suppose 0 = 82*j - d*j - 388. What are the prime factors of j?
97
Let y(w) = w**2 - 18*w - 33. What are the prime factors of y(41)?
2, 5, 7, 13
Let n = 859 - -738. List the prime factors of n.
1597
Suppose -4*x + 220 = -0*x. Suppose 2*u + 18 = 2*k, 3*k + u - 3 - 4 = 0. Suppose -k*v = -5 - x. List the prime factors of v.
3, 5
Let i be 5/(-1 + -9)*0/(-2). List the prime factors of (-2 - i)/(22/(-20) + 1).
2, 5
Let q(x) = 30*x**2 + 11*x + 5. Let j be q(-5). Let y = -470 + j. List the prime factors of y.
2, 5, 23
Let f(z) = z**3 + 9*z**2 + 9*z + 4. Let p be f(-6). Suppose 0 = -4*u + 3*x + 255, 2*x = -9*u + 5*u + 230. What are the prime factors of (p/(-6))/((-10)/u)?
2, 29
Suppose -21*n - 2552 + 25253 = 0. List the prime factors of n.
23, 47
Let l(r) be the second derivative of r**5/20 - 13*r**4/12 + 5*r**3/2 + 29*r**2/2 - 15*r. List the prime factors of l(13).
2, 7
Let n(z) = 2*z - 2. Let k be n(1). Suppose 0*s + 5*s - 440 = k. What are the prime factors of s?
2, 11
Let r(w) = 15*w**2 - 2*w. Let q(t) = t**3 + 6*t**2 + 3. Let i be q(-6). Suppose i*j = -2*j + 10. What are the prime factors of r(j)?
2, 7
Suppose 3*i + 14 = -2*i + 4*j, j - 1 = 0. Let k(n) = -24*n + 1. List the prime factors of k(i).
7
Let z be 1/((-2 - -1)*(-4)/(-92)). Let c = -12 - z. List the prime factors of c.
11
Suppose -220 = 16*l - 15*l. Let m = l - -336. What are the prime factors of m?
2, 29
List the prime factors of (1*6915)/(18/48*4).
2, 5, 461
Suppose 90 = -11*s + 16*s. Let v be (-644)/s + 16/(-72). Let g = 28 - v. What are the prime factors of g?
2
Let s be 325/20 - (-1)/(-4). Suppose 6*j - s = 2*j. Suppose 6*d - 2*d - 4*t - 92 = 0, -d + 35 = -j*t. What are the prime factors of d?
19
Let t = 15 + -44. Let l = -17 - t. What are the prime factors of 291/l - (-3)/(-12)?
2, 3
Suppose 12*c + 54891 = 31*c. List the prime factors of c.
3, 107
Suppose -3*u + 54 = l - 58, u - 3 = 0. List the prime factors of l + (12/2 - 2).
107
Suppose -m = 4*w - w - 2, -4 = -2*m. Suppose w = -29*u + 30*u - 44. List the prime factors of u.
2, 11
What are the prime factors of (139 - 5) + 3 + -9?
2
Let c(h) = -6*h - 16 - h**2 - 7*h + 2*h**2 + 2*h. List the prime factors of c(14).
2, 13
Let g = 109 - 64. Let b = 52 + -48. List the prime factors of g/2 - b/8.
2, 11
Suppose 2*v - 1964 = -958. What are the prime factors of v?
503
Let b(f) = 33*f + 2. Let l be b(2). Let i = -6 - -8. Suppose 3*u = 3*o + 4*u - 89, -5*u + l = i*o. What are the prime factors of o?
29
Let z be (-4)/10 + (163926/35)/9. Suppose z = 4*p + 4*p. List the prime factors of p.
5, 13
Suppose -2*t + 80 + 26 = 0. Let g = -32 + t. What are the prime factors of g?
3, 7
Let d be ((-22)/(-4))/(1/2). Let p(l) = 14*l - 3*l**2 + 4*l**2 - 2*l**2 - d. List the prime factors of p(10).
29
Suppose 2*p = -5*s + 6150, -3*p = -5*s + 4*s + 1230. What are the prime factors of s?
2, 3, 5, 41
Let f = -69 + 71. Suppose 0 = -f*x + m + 170, 171 = 5*x + 4*m - 267. List the prime factors of x.
2, 43
Suppose -3*t - 3 = 2*b + 7, b + 4*t = -15. Suppose -i = -3 + b. Suppose 5*m + y = i*m + 105, -y - 147 = -4*m. List the prime factors of m.
2, 3
Let v = -5 - -6. What are the prime factors of 148 + 12/(-4) + 6 + v?
2, 19
Let k(n) be the second derivative of -3*n**4/8 - n**3 + 3*n**2 + 3*n. Let x(p) be the first derivative of k(p). List the prime factors of x(-4).
2, 3, 5
Let m(v) = v**2 + 9*v + 10. Let s = -12 + 6. Let o be m(s). List the prime factors of (-50)/(-4)*(10 + o).
5
Suppose -5*w = -b + 126, -4*b = b - 5*w - 570. Suppose 2*a - 36 = a - 2*j, -3*a + b = 5*j. List the prime factors of a.
2, 3, 7
Let r = 28 + -11. Let f(w) = w**2 - 14*w + 18. What are the prime factors of f(r)?
3, 23
Let p be (-2)/1 - (3 + -5). Suppose 4*d + 2*z = -p*d, 4*d = -4*z. What are the prime factors of 0 + (d - (-6)/2)?
3
Suppose 46*d - 56004 = 33*d. List the prime factors of d.
2, 3, 359
Suppose -4*r = -3*y - 2, 4*y + 5*r + 51 - 7 = 0. Let o(i) = -7*i - 4324 + 4310 + 3*i. What are the prime factors of o(y)?
2, 5
Let m = -102 - -148. Let v = -30 + m. What are the prime factors of v?
2
Let u be 1/1*(-1 - -5). Let r = 288 + -279. Suppose r*p = u*p + 150. List the prime factors of p.
2, 3, 5
Suppose -5*f - 1296 = -14*f. What are the prime factors of f?
2, 3
Let o(y) be the second derivative of y**5/20 + y**4/2 + 7*y**3/6 + 11*y**2/2 + 7*y. Let n be o(-5). List the prime factors of (-222)/3*n/(-2).
37
Let w(v) = 3*v - 13. Let c be w(9). Let g be 3105/(-35) + (-4)/c. Let r = g - -129. List the prime factors of r.
2, 5
Suppose -82*x - 16248 = -94*x. What are the prime factors of x?
2, 677
Let b(k) be the second derivative of -2*k**3/3 - k**2/2 - 2*k. Let o be b(-1). Suppose 88 = o*v + r + 4*r, -2*v - 5*r + 62 = 0. What are the prime factors of v?
2, 13
Suppose 15*p - 24128 = 2*p. List the prime factors of p.
2, 29
Suppose 0 = 4*q - 2*r - 72, q + 2*r - 8 + 0 = 0. Let s(f) = -f**2 + 20*f - 15. What are the prime factors of s(q)?
7
Let o(z) = -2*z**3 - 3*z**2 - 3*z - 1. Let p be o(-1). Suppose -2*u = 2 - 14. Suppose 5*k = 4*a - 15, 3*k + p - u = a. What are the prime factors of a?
2, 5
Suppose 306*z - 319*z = -14053. List the prime factors of z.
23, 47
Let r(z) = 28*z**2 - z - 54. List the prime factors of r(8).
2, 5, 173
Let r(d) = -3*d + 24 - 2*d + 3*d. Let y be r(-10). Suppose -3*v - 12 = 0, -3*h - 2*v = -v - y. What are the prime factors of h?
2
Suppose -3*m + 274 = -6*p + 8*p, -p - 4*m = -137. What are the prime factors of p?
137
Suppose -11*f + 224 = -3*f. Let z be f/6 - 12/18. Suppose -b = 5*q - 26, z*q + 2*b + b = 12. What are the prime factors of q?
2, 3
Let d = -1 + 5. Suppose -11*i + 6*i - 2*f = -345, 0 = -3*f. Suppose i = -m + d*m. What are the prime factors of m?
23
Suppose k - 8 = 4*r - r, 3*r = 2*k - 10. Let x(m) = -3*m - 4*m**2 + 2*m**k + 7 - 2*m**2 + m**3 + 0*m**2. List the prime factors of x(5).
17
Let k(f) = -19*f + 27. List the prime factors of k(-7).
2, 5
Let r = 203 + -135. Suppose -4*b = -4*x - r, 5*b + 2*x - x = 55. List the prime factors of b.
2, 3
Let g = -2 - -6. Suppose 2*c = -g*b + 412, b = -2*b - 4*c + 304. What are the prime factors of b?
2, 13
List the prime factors of (1035 - 0) + (90/9)/(-2).
2, 5, 103
Let h(z) = -3*z. Let k(c) = -3*c**2 + 18*c - 6. Let d be k(6). What are the prime factors of h(d)?
2, 3
Let y(p) = 8*p + 4. Let w be y(3). Let n be 4/(-10) + w/(-5). What are the prime factors of ((-69)/n)/((-2)/(-4))?
23
Let h(i) be the third derivative of -i**4/8 + i**3/6 - 15*i**2. List the prime factors of h(-5).
2
List the prime factors of (1 - -201) + (-2)/5*5.
2, 5
Suppose 5*t = 5*c - 345, 61 = -c + 2*c + t. Let w = -43 + c. List the prime factors of w.
2, 11
Let o = -16 + 16. Suppose o*l = 3*l. Suppose -26 = -t - 3*z, -5*t + 2*z + 21 + 92 = l. List the prime factors of t.
23
Suppose 2*b - u = 845, -5*b - 5*u + 8*